t - 0. Let p = -4 + x. Is 3/(p*(-2)/(-28)) prime?
True
Suppose y = -5*w + 10725, 0 = -2*y + 3*y - 3*w - 10701. Let d = y - 7555. Is d a composite number?
True
Let c(r) = -16*r**3 + 13*r + 19. Is c(-6) composite?
True
Let u = 9 + 176. Is u a prime number?
False
Is (1/(-1))/((-8)/3048) a prime number?
False
Let m(j) = 44*j + 1. Let w be m(2). Suppose i - 196 - 62 = 0. Let k = i - w. Is k a composite number?
True
Let p(l) = -764*l + 207. Is p(-8) a prime number?
False
Is (-39595)/5*(16 + -17) prime?
True
Let i = 9097 - 4476. Is i composite?
False
Let f = 25309 - 9099. Suppose 0*m + 4*z = 5*m - f, 5*m + 4*z - 16170 = 0. Is m a prime number?
False
Let y be 1 - (0 - (4 - -114)). Suppose 4*a = 217 + y. Suppose 3*d - a = 27. Is d composite?
False
Let o be 70 + (1 - (4 + -3)). Suppose -2*w = -2*v - 2*v - o, 2 = -2*v. Suppose -4*b + 7 = -w. Is b prime?
False
Let v(k) be the second derivative of -9*k**3/2 + 11*k**2/2 + 8*k. Is v(-14) prime?
True
Suppose -2*v - 36650 + 127696 = 0. Is v composite?
False
Suppose -27 = -5*g - 3*s, 5*s + 23 = 6*g - 3*g. Let m(n) = n**3 - 6*n**2 + 3*n - 9. Let q be m(g). Is (9 - q) + (94 - 1) composite?
True
Let o = -44813 + 81070. Is o a composite number?
True
Let t(q) = -q**2 + 6*q. Let o be t(5). Suppose 3*w + p = 1271, -1279 - 846 = -o*w + 5*p. Suppose 0 = -5*u + 491 + w. Is u prime?
False
Suppose -3*a + 6*a + 3*p = 33, 5*a - 5*p = 105. Suppose 14*h + 4658 = a*h. Is h a composite number?
True
Suppose 4*q + 1376 = -0*q. Let n = -488 - q. Let h = -75 - n. Is h composite?
True
Let v(z) = 87*z + 7. Let b be v(-6). Let y = b + 178. Is y/(-5) + 2/(-5) prime?
True
Suppose 3*h = 2*n - 5149, 9*h - 5*h + 2577 = n. Is n prime?
False
Let u = -3444 - -6022. Is u a composite number?
True
Suppose -140*s + 2136008 = -84*s. Is s composite?
True
Suppose 5*m = -0*i + 2*i + 102, 5*m + 3*i - 122 = 0. Suppose c + 10 = 2*v + 3*c, -v = -2*c - 2. Suppose -v*u + 329 = 5*n, 0 = -n + 4*u + 39 + m. Is n composite?
True
Let w = 4 - 0. Let r be ((-4 - -1) + 2)*-2. Suppose r*n - 43 + 367 = 2*s, w*n - 167 = -s. Is s a composite number?
False
Suppose 221512 = -37*o + 45*o. Is o prime?
True
Suppose 2*x - 239520 = 86750. Is 2/(-7) + (5 - x/(-49)) prime?
False
Is ((-44)/(-66))/((-2)/(-54597)) a composite number?
False
Let b(k) = k**3 + 3*k**2 + k - 3. Let n(g) = -g**3 - 3*g**2 - g + 4. Let d(i) = 5*b(i) + 4*n(i). Let l be d(3). Suppose -q + l = -29. Is q composite?
True
Let j be (-1 - -10) + -4*1. Let d(b) = -b**3 + 9*b**2 + b - 6. Let u be d(9). Suppose -u*h + 4 = -h + 2*v, 2*h + j*v - 1 = 0. Is h a prime number?
True
Suppose 2*a = r - 20 + 368, -4*a - 5*r = -696. Is (5 - 3) + 1 + a prime?
False
Suppose 18 = 3*o - o. Let z(q) = 44*q - 15. Is z(o) composite?
True
Is -2 - -5812 - 130/(-26) prime?
False
Let p(c) = 16*c + 22. Let x(t) = 11*t + 1. Let k(d) = -23*d - 1. Let h(l) = -6*k(l) - 13*x(l). Let j(r) = 10*h(r) + 3*p(r). Is j(-5) composite?
True
Is -3 + (-3)/(-1) - 3332718/(-54) a composite number?
False
Suppose -3*a - 3*n + 795 = 0, -n = 4*a + 2*n - 1062. Suppose 0 = 264*p - a*p + 8169. Is p prime?
False
Let p(c) = -13*c**3 + c**2 + c + 1. Let f = -14 + 11. Let d(x) = 13*x**3 - 2*x**2 - x - 2. Let w(a) = f*p(a) - 2*d(a). Is w(1) a composite number?
True
Suppose 0 = 42*v - 934024 - 517958. Is v a prime number?
False
Let v(s) = 29*s**3 - 15*s**2 - s - 5. Let l(t) = -14*t**3 + 7*t**2 + t + 3. Let u(g) = -9*l(g) - 4*v(g). Is u(4) composite?
True
Let n(f) = f**3 + 14*f**2 + 13*f + 17. Is n(-12) a composite number?
False
Let d = 3763 - 2506. Is d a prime number?
False
Suppose 0 = 4*l + 5*c - 44997, -7*c = l - 4*c - 11258. Is l prime?
True
Let o be (9/3 - -580) + 4. Suppose -4*c = 4, -4*c - o = -4*x + 181. Is x prime?
True
Is 1330565/75 - 0 - 8/(-60) composite?
True
Let b be (5 + -4)*(0 + 2). Suppose -b = -x + 2. Suppose 0 = -2*g + x*g - 262. Is g a prime number?
True
Is 2*5 + (18123 - 162) prime?
True
Suppose -6*g + 17 - 5 = 0. Suppose 2*p = -p - b + 1561, g*b - 2080 = -4*p. Is p composite?
False
Let r(x) = 54*x**3 + x**2 + x - 1. Let m be r(1). Let n be 120/m - (-2)/(-11). Let p(f) = 8*f**3 - f**2 - 2*f - 1. Is p(n) prime?
False
Suppose 28*b = 36409 + 2364843. Is b a composite number?
True
Let t = 1646 + -919. Is t prime?
True
Let n(x) = 66*x**2 - x + 5. Let w be n(6). Suppose -4*h + w + 3981 = 0. Is h composite?
True
Suppose 5*t - f - 31526 = 2124, -5*t = -3*f - 33640. Is t a prime number?
False
Suppose 7*q = 12*q + 10980. Is q/(-28) + 4/7 composite?
False
Suppose -r + 1346 = 5*k - 62, -5*r = 2*k - 7017. Let l = -252 + r. Is l a composite number?
False
Let s = 5858 - -5993. Is s a composite number?
True
Suppose 0*h = h + 5*v - 5, 0 = -4*h + v - 22. Let f(q) = 7*q**2 - 5*q + 3. Is f(h) a prime number?
False
Let i = -24126 + 35232. Suppose 0 = 5*z - 11*z + i. Is z a prime number?
False
Is 125622/54 - 4/(-6) a composite number?
True
Let d(m) = 5*m**3 + m**2 + 3*m + 1. Let x be d(-1). Let h be (0 + 2352)*x/12. Is h/(-9) - (-6)/18 prime?
True
Let h(m) = -20*m + 4. Let t be h(-4). Suppose r + t = 5*r. Is (-583)/(-7) + (-6)/r a composite number?
False
Let h(u) = -53*u - 2. Let t be h(-2). Let a = 127 - t. Is a a prime number?
True
Let t be 161/(-21) - 2/6. Is t - -2 - -2 - -1031 prime?
False
Is 7/(-63) + 0 + (-55220)/(-45) composite?
True
Let h(o) = o**3 - 7*o**2 - 14*o - 16. Let n be h(14). Let i = -681 + n. Is i a prime number?
True
Suppose 129 = 5*x + 2*g, g - 29 = -x - g. Suppose 3*z = 5818 - x. Is z a composite number?
False
Let g be 6 - 1 - (0 - -2). Let v(w) = w**3 + 2*w**3 - 6 + 6*w**2 - 2*w**g + w. Is v(-5) a composite number?
True
Let w(b) = 4*b - 12. Let h be w(3). Suppose h = 3*c + i - 6295, -4*c = -4*i + 2*i - 8400. Is c composite?
False
Suppose 2*a - 18*b = -23*b + 81133, 0 = 5*b - 15. Is a prime?
True
Suppose 7*o - 11664 = 3155. Is o composite?
True
Suppose 0 = 3*f - 5*p - 25378, 3*f - 2*p + 10042 = 35423. Is f a prime number?
True
Let p(y) = 3*y**2 + 4*y + 47. Is p(26) composite?
False
Let o be ((-6)/2)/((-39)/65). Let c = o - 3. Suppose -d + 274 = 4*w, 2*w = -c*d + 4*w + 498. Is d a composite number?
True
Is 225/270 - (1 - 90710/12) a prime number?
True
Suppose 6*k = 4*g + k - 8585, 2*k + 2 = 0. Suppose -w = 4*b - 1261, 5*b + 4*w + 555 = g. Is b prime?
False
Suppose -2*n + 2*o = -28922, -2*n - n - 3*o = -43383. Is n a prime number?
True
Let y(x) = -615*x + 20. Let z be y(-5). Suppose -8*q = -z - 449. Is q prime?
True
Let s = 2461 - 1575. Is s prime?
False
Let z = -2252 - -3569. Is z a composite number?
True
Let o be -511*((-60)/(-28) + -3). Suppose 4*l - 878 - o = 0. Is l a composite number?
True
Suppose -4*a = 2*u - 266, -5 = u - 4. Is a prime?
True
Let w = 322 - -4975. Is w a composite number?
False
Let s(f) = f**2 - f - 1. Let b(u) = u**2 - u + 1. Let a(c) = -b(c) + 4*s(c). Is a(9) prime?
True
Let i(q) = q**3 - 16*q**2 + 16*q - 11. Let k be i(15). Suppose -3*j + 1969 = 4*v, 12*j - 8*j = -k. Is v a prime number?
False
Let p(w) be the second derivative of 23*w**3/6 - 4*w**2 + 2*w. Let f be p(-8). Let m = 283 + f. Is m a prime number?
False
Let p(m) = 111*m**2 - 7*m - 27. Is p(-4) prime?
True
Let c = -1390 + 977. Suppose -4*q - 2*u + 2470 = 0, -46 = -q + 3*u + 561. Let p = q + c. Is p composite?
True
Let g = 5508 + -3355. Is g prime?
True
Let x(n) = -n**2 + 30*n - 3. Let c(o) = -14*o**3 - 2*o - 2. Let g be c(-1). Is x(g) a prime number?
False
Suppose 6*x + 0*x - 24 = 0. Is ((-3792)/(-32))/(3/x) a prime number?
False
Let m(n) = 3875*n + 177. Is m(8) composite?
False
Suppose -83359 = -15*f + 10*f - 2*g, 3*g + 83349 = 5*f. Is f prime?
False
Is 87816/36*15/10 a composite number?
False
Let t(m) = -37*m - 6. Let s = -14 - -11. Let n be t(s). Suppose -4*f = f - n. Is f composite?
True
Let u be (-4 - 6)/((-12)/(-1182)). Let v = 246 - -1268. Let t = u + v. Is t composite?
True
Suppose -342 - 548 = 5*h. Let y = -107 - h. Is y composite?
False
Let s(k) = 2*k**2 - 18*k + 21. Let m be (-51)/(-3) - (0/(-2))/1. Is s(m) prime?
True
Let r be 2 + -1 - (-2551 - 8). Let k = r - 1301. Is k composite?
False
Suppose -1 - 5 = 3*x. Is (4/8)/(x/(-812)) a prime number?
False
Let o be -2*(5/2)/(-1). Suppose -a = -3*j - 49, -5*j + 2*a = o*a + 105. Let y = j + 49. Is y composite?
False
Let v(y) = 12*y**2 - 7*y - 1. Let a = 57 - 53. Is v(a) a prime number?
True
Let w(p) = -p*